4*b**3 - 5. Let u(d) = g(d) + 6*s(d). What is the hundreds digit of u(-1)?
1
Suppose 0 = -2*v - 5*z + 7407, 636*v - 3*z - 3720 = 635*v. What is the thousands digit of v?
3
What is the hundreds digit of (-26)/52 + 16685*20/8 - -3?
7
Let c(b) be the third derivative of 0*b - 24*b**2 - 1/40*b**6 + 1/3*b**4 + 0 + 0*b**5 + 1/3*b**3. What is the units digit of c(-3)?
9
Suppose x + 3838 = u + 19424, 5*x - 77924 = 2*u. What is the ten thousands digit of x?
1
Suppose 7*b - 159 = -19. Let i be 51/15 + -3 + 152/b. Let z = 51 - i. What is the tens digit of z?
4
Let a = -306 + 302. Let c(q) = -19*q**3 - 5*q**2 + 8*q + 12. What is the thousands digit of c(a)?
1
Let n = -5441 + 11012. What is the hundreds digit of n?
5
Suppose 179*b - 175*b - 4780 = 0. Let g = b + -827. What is the hundreds digit of g?
3
Suppose 5174 = -25*o - 8476. What is the tens digit of (o/(-28))/((-1)/(-10))?
9
Let v = -22962 + 38991. What is the tens digit of v?
2
What is the units digit of 1989610/270 - 6/(-81)?
9
Suppose -3*s - b + 107537 = 0, 54246 + 53279 = 3*s + 4*b. What is the thousands digit of s?
5
Suppose 4*g - 5*v - 346 = 0, g = 6*g + 2*v - 416. Suppose -76 = -4*w + g. Let u = w + -2. What is the tens digit of u?
3
Let a = 14 + -10. Suppose -a*n + 0*n = 2*n. What is the tens digit of (-37)/((-10)/(-4) - (3 + n))?
7
Let m = -26 + 62. Let b be m/24*4/3. Suppose -4*c = -8, b*g + 2*c - 100 = -c. What is the units digit of g?
7
Let a(g) = 4*g**2 + 13*g - 23. What is the hundreds digit of a(36)?
6
Let h(u) = -2*u - 3. Let n be h(-4). Let w be ((-3)/(-6))/((-2)/(-20)). Suppose -3*q + 511 = w*y, -5*y + n*q + 27 = -468. What is the units digit of y?
1
Let i(b) = 2448*b - 4415. What is the hundreds digit of i(12)?
9
Let f(q) = -q**2 - 22*q + 5. Let p be f(-22). Let n be (2 - (-3 - -4))/(p/10). What is the tens digit of -2 + (-3 - -18*n/1)?
3
Let x = -113 + 115. Suppose -x*s + 9*s - 2968 = 0. What is the tens digit of s?
2
Suppose -5*f + g + 10004 = 0, 4*g = -0*f + f - 2016. Suppose -6*y = -22*y + f. What is the units digit of y?
5
Let l(t) = t**2 - 10*t + 12. Let i be l(9). Suppose y - 4*q - 2424 = -3*y, -i*y = q - 1798. What is the units digit of y?
1
Let v = 24 + -70. Let r = -50 - v. Let d(g) = -28*g + 15. What is the hundreds digit of d(r)?
1
What is the ten thousands digit of 3/9 + (-880256)/(-39) + 6 + -1?
2
Let n(u) be the second derivative of u**4/12 + u**3/6 + u**2/2 + u - 1. What is the units digit of n(-7)?
3
What is the thousands digit of 34384 - ((-143)/(-13) - 15)?
4
Let h be (-21)/(-9) + 2/3. Let y = -276 - -280. What is the hundreds digit of 0/(y - h) + 178?
1
Suppose 0 = -25*k + 26*k. Suppose k = p, v + p = 4*v + 6. What is the units digit of (-618)/(-9) - v/6*1?
9
Suppose -5*x = 3*t - 32, 4*t - 24 = -3*x + 7*t. What is the units digit of ((10 - x) + -2)*(0 + 691)?
1
Suppose -10 = 12*t - 13*t. Let w(u) = -u**2 + 9*u + 13. Let r be w(t). Suppose -h - r*q = h - 110, 5*q - 62 = -h. What is the tens digit of h?
5
Let q be 8/(-36) + 35/(-45). Let n(i) = -89*i**2 - 2*i + i - i + 257*i**2. What is the units digit of n(q)?
0
Let h = -2446 - -3470. What is the hundreds digit of h?
0
Let d = -59 + 39. Let p be d/(-14) + (-8)/(-14). What is the units digit of (p/2)/(6 - (-3059)/(-511))?
3
Let d(f) = 9*f**2 - 239*f - 95. What is the units digit of d(45)?
5
Let s(q) = 158*q**2 + 31*q + 53. What is the thousands digit of s(-6)?
5
Suppose 14*x + 43219 = 25*x. Suppose 11*d - x = -1212. What is the tens digit of d?
4
Let g(j) = -157*j + 1646. What is the units digit of g(-23)?
7
Suppose -8*q + 9*q = -4*n + 2774, -4*q + n = -11079. What is the units digit of q?
0
Suppose 0 = -3*o - 5*c + 8967, 0 = 5*o + 7*c - 6*c - 14967. What is the tens digit of o?
9
Let g(f) = -f**3 - 12*f**2 + 11*f - 24. Let l be g(-13). Suppose l*k - 66 = -k. Let w = k - -65. What is the units digit of w?
7
Let a(i) = i**3 + 2*i**2 - 5*i - 3. Let j be a(-3). Suppose 50*k + 26190 = -241*k. What is the tens digit of (k/(-10))/(1/j)?
2
Let w = 215 - 74. What is the tens digit of ((-18)/8)/(w/(-62416))?
9
What is the thousands digit of (-59360)/(-14) - (2 - 0)*2?
4
Let s = -826 - -453. Let h = -554 - s. Let p = h + 315. What is the tens digit of p?
3
Let a = -12 - -12. Suppose a = n + 127 - 569. Suppose -5*j + 2*o = -n, 5*j + 3*o - 408 = 54. What is the units digit of j?
0
Let b = 7419 - -17849. What is the units digit of b?
8
Suppose 6*p - 188 - 46 = 0. Let b = p + 2. Let d = -25 + b. What is the units digit of d?
6
Let f(k) = k**2 + 9*k - 4430. What is the thousands digit of f(-142)?
4
Let d(r) = r + 3*r**2 - 10*r**2 - 17 + 22*r**2. What is the hundreds digit of d(-5)?
3
Suppose -127*j + 734580 = 27*j. What is the hundreds digit of j?
7
What is the hundreds digit of -4*52*1345/(-10)?
9
Let q = -157 + 162. Let d(r) = 82*r + 56. What is the tens digit of d(q)?
6
Suppose 66*w - 71*w = 4*o - 125545, -3*o - 4*w + 94158 = 0. What is the tens digit of o?
9
Suppose -2*w + i - 11 = 0, 3*w - 3 = 2*i - 17. What is the units digit of (-2 + (w - -11))*(-6)/(-2)?
3
Suppose -5*p - 32 + 397 = -5*g, 4*p + 4*g = 308. What is the units digit of -12*p/(-6) + 0?
0
Let n = -385 + 626. Suppose -3*j + 507 = 4*h - n, -4*j + 988 = 3*h. What is the tens digit of j?
4
Suppose 2*m - 71306 = 5*h, -178319 = -5*m - 13*h + 12*h. What is the ten thousands digit of m?
3
Let f(l) = -l**3 + 31*l**2 + 22*l + 4. Let q be f(22). Suppose -4*g + q - 601 = 5*v, -g + 4*v + 1045 = 0. What is the tens digit of g?
5
Let l = 1048 - 501. Suppose 796 + l = 2*b + 5*v, -2*b + 1331 = v. What is the tens digit of b?
6
Suppose 13*o = 300*o + 283*o - 19040850. What is the tens digit of o?
0
Suppose -107 = -3*y + 4. Suppose 5*t + 4741 = 3*b, b - 1567 = -y*t + 32*t. What is the units digit of b?
7
Suppose 6*k = -10*k + 96. Let g be k/(-3)*(-3)/(-3). What is the units digit of (-422)/(-4) + g/(-12)*9?
7
Let b(r) = 10*r**2 + 395*r + 132. What is the units digit of b(-58)?
2
What is the ten thousands digit of (-3)/((-13 - (-490)/40)*(-4)/(-36149))?
3
Let a = -17928 - -28478. What is the tens digit of a?
5
Let o = -6 - 17. Let w = o - -46. Suppose -w + 5 = -2*y. What is the units digit of y?
9
Let p(w) = 629*w**2 - 4*w + 21. What is the hundreds digit of p(-4)?
1
Let l(o) = -9*o + 21. Let q(i) = -1. Let s(a) = -2*l(a) + 2*q(a). Let w be s(8). Suppose p + 2*p = f - w, -5*f - 3*p = -464. What is the units digit of f?
4
Let g = 176 - 171. Suppose -g*x + 19*c + 1005 = 18*c, 3*x - 603 = 3*c. What is the hundreds digit of x?
2
Suppose 0 = -3*f + 2*f + 2*v + 6, 2*v = -2*f + 6. Suppose 3*i = 4*i - f*i. Suppose 11*s - 1075 + 162 = i. What is the units digit of s?
3
Suppose 12*l = 57 - 21. Suppose 6*t - t - 4*b - 7 = 0, -3*b + 6 = 0. Suppose 0 = 3*q + t, -4*j - l*q + 790 = -q. What is the hundreds digit of j?
1
Suppose 7*v + 3232 = 3*v + 17508. What is the hundreds digit of v?
5
Suppose -2*o + 2*d - 6 = 0, 1 = o + 4*d - 1. Let r(l) = -296*l - 24. What is the hundreds digit of r(o)?
5
Suppose -248*w = -28*w - 4170292 + 1268712. What is the ten thousands digit of w?
1
Let y(r) = 2*r**3 + 21*r**2 - 11*r - 673. Let g(s) = s**3 + 13*s**2 - 6*s - 336. Let v(d) = 5*g(d) - 3*y(d). What is the hundreds digit of v(0)?
3
Let l = 233 + -244. Let d(v) = 2*v**3 + 26*v**2 + 8*v + 5. What is the hundreds digit of d(l)?
4
Suppose 6*h + 2*h = 18616 + 16200. What is the hundreds digit of h?
3
Let j(i) = 2*i**2 - 2*i - 1. Suppose 3*r - 2*r + 5 = 3*y, -r + 1 = 0. Suppose -1 = -3*z + w - 13, -y*w = 0. What is the tens digit of j(z)?
3
Let l = -626 - -640. Suppose 0 = -v - 1, l*j = 11*j + 4*v + 1771. What is the hundreds digit of j?
5
Suppose 33 + 1823 = -2*i. Let a = 1357 + i. What is the hundreds digit of a?
4
Let y be 75/12 - 1/4 - 2. Suppose -3*w - 5*x + 1476 = 0, w + y*x = x + 488. What is the tens digit of w?
9
Suppose 10*t + 153 = 13*t. Suppose -2*r - t = -s, 216 = 5*s + r + 5. What is the units digit of s?
3
Suppose 5*q - 3*v - 160 = -0*v, 0 = 4*v - 20. Suppose 6*r - q = -r. Suppose -r*d = -0 - 45. What is the units digit of d?
9
Let d = -32991 - -52407. What is the ten thousands digit of d?
1
Let u(x) = 32*x**3 + 4*x**2 + 12*x - 28. What is the units digit of u(7)?
8
Let g be -2*4124/8*-1. Suppose -6*d + 343 + g = 0. Suppose 6*l = 53 + d. What is the units digit of l?
7
Let p = 71288 + -44757. 